, 13, 61
What are the prime factors of 359?
359
List the prime factors of 460.
2, 5, 23
List the prime factors of 97733.
17, 5749
List the prime factors of 17617.
79, 223
What are the prime factors of 79824?
2, 3, 1663
List the prime factors of 653.
653
What are the prime factors of 42138?
2, 3, 2341
List the prime factors of 158.
2, 79
What are the prime factors of 3258?
2, 3, 181
List the prime factors of 2476.
2, 619
List the prime factors of 1011.
3, 337
List the prime factors of 1556.
2, 389
What are the prime factors of 1704?
2, 3, 71
List the prime factors of 26463.
3, 8821
List the prime factors of 6464.
2, 101
What are the prime factors of 312?
2, 3, 13
What are the prime factors of 357?
3, 7, 17
What are the prime factors of 63384?
2, 3, 19, 139
What are the prime factors of 715?
5, 11, 13
List the prime factors of 119645.
5, 23929
What are the prime factors of 931?
7, 19
List the prime factors of 5904.
2, 3, 41
List the prime factors of 998.
2, 499
List the prime factors of 1959.
3, 653
List the prime factors of 75725.
5, 13, 233
What are the prime factors of 40995?
3, 5, 911
What are the prime factors of 139946?
2, 167, 419
What are the prime factors of 24961?
109, 229
List the prime factors of 47773.
11, 43, 101
What are the prime factors of 1431?
3, 53
List the prime factors of 1128.
2, 3, 47
List the prime factors of 9172.
2, 2293
List the prime factors of 24419.
24419
What are the prime factors of 16735?
5, 3347
List the prime factors of 26943.
3, 7, 1283
What are the prime factors of 12372?
2, 3, 1031
What are the prime factors of 823?
823
What are the prime factors of 2452?
2, 613
What are the prime factors of 1982?
2, 991
List the prime factors of 73376.
2, 2293
What are the prime factors of 132?
2, 3, 11
What are the prime factors of 961?
31
What are the prime factors of 1393?
7, 199
List the prime factors of 9971.
13, 59
What are the prime factors of 3437?
7, 491
What are the prime factors of 750?
2, 3, 5
What are the prime factors of 163?
163
What are the prime factors of 4061?
31, 131
List the prime factors of 2386.
2, 1193
What are the prime factors of 51642?
2, 3, 19, 151
What are the prime factors of 1800?
2, 3, 5
List the prime factors of 365.
5, 73
What are the prime factors of 518?
2, 7, 37
List the prime factors of 693.
3, 7, 11
What are the prime factors of 35301?
3, 7, 41
List the prime factors of 3700.
2, 5, 37
What are the prime factors of 6086?
2, 17, 179
What are the prime factors of 68535?
3, 5, 1523
List the prime factors of 61082.
2, 7, 4363
What are the prime factors of 284?
2, 71
What are the prime factors of 64213?
157, 409
List the prime factors of 265.
5, 53
What are the prime factors of 26686?
2, 11, 1213
List the prime factors of 14476.
2, 7, 11, 47
What are the prime factors of 1097?
1097
What are the prime factors of 1180?
2, 5, 59
List the prime factors of 7233.
3, 2411
What are the prime factors of 119708?
2, 29927
What are the prime factors of 6086?
2, 17, 179
List the prime factors of 13286.
2, 7, 13, 73
List the prime factors of 12666.
2, 3, 2111
What are the prime factors of 54819?
3, 6091
List the prime factors of 3570.
2, 3, 5, 7, 17
List the prime factors of 64590.
2, 3, 5, 2153
What are the prime factors of 16788?
2, 3, 1399
List the prime factors of 15184.
2, 13, 73
What are the prime factors of 78588?
2, 3, 37, 59
What are the prime factors of 40353?
3, 13451
List the prime factors of 12288.
2, 3
List the prime factors of 369.
3, 41
What are the prime factors of 10208?
2, 11, 29
What are the prime factors of 1134?
2, 3, 7
List the prime factors of 3177.
3, 353
What are the prime factors of 1553?
1553
List the prime factors of 16539.
3, 37, 149
What are the prime factors of 9984?
2, 3, 13
List the prime factors of 13396.
2, 17, 197
List the prime factors of 15445.
5, 3089
What are the prime factors of 1184?
2, 37
What are the prime factors of 34427?
173, 199
List the prime factors of 360.
2, 3, 5
What are the prime factors of 27?
3
What are the prime factors of 26474?
2, 7, 31, 61
List the prime factors of 15503.
37, 419
List the prime factors of 4639.
4639
What are the prime factors of 3086?
2, 1543
List the prime factors of 8562.
2, 3, 1427
What are the prime factors of 1763?
41, 43
List the prime factors of 2685.
3, 5, 179
What are the prime factors of 4258?
2, 2129
What are the prime factors of 6560?
2, 5, 41
What are the prime factors of 17149?
11, 1559
List the prime factors of 17448.
2, 3, 727
What are the prime factors of 164701?
164701
What are the prime factors of 299?
13, 23
What are the prime factors of 1802?
2, 17, 53
List the prime factors of 7400.
2, 5, 37
List the prime factors of 12203.
12203
What are the prime factors of 54311?
54311
List the prime factors of 1244.
2, 311
What are the prime factors of 9811?
9811
List the prime factors of 70260.
2, 3, 5, 1171
List the prime factors of 15276.
2, 3, 19, 67
List the prime factors of 71664.
2, 3, 1493
What are the prime factors of 129203?
47, 2749
What are the prime factors of 78421?
7, 17, 659
List the prime factors of 97056.
2, 3, 337
What are the prime factors of 17122?
2, 7, 1223
List the prime factors of 27087.
3, 9029
What are the prime factors of 348?
2, 3, 29
What are the prime factors of 25887?
3, 8629
What are the prime factors of 9561?
3, 3187
List the prime factors of 32440.
2, 5, 811
List the prime factors of 4312.
2, 7, 11
List the prime factors of 941.
941
List the prime factors of 9213.
3, 37, 83
What are the prime factors of 10890?
2, 3, 5, 11
What are the prime factors of 1632?
2, 3, 17
List the prime factors of 6520.
2, 5, 163
What are the prime factors of 1329?
3, 443
What are the prime factors of 246?
2, 3, 41
List the prime factors of 66.
2, 3, 11
List the prime factors of 228.
2, 3, 19
What are the prime factors of 2247?
3, 7, 107
List the prime factors of 381.
3, 127
List the prime factors of 15021.
3, 1669
What are the prime factors of 788?
2, 197
List the prime factors of 341.
11, 31
What are the prime factors of 56984?
2, 17, 419
List the prime factors of 27345.
3, 5, 1823
List the prime factors of 13.
13
What are the prime factors of 17034?
2, 3, 17, 167
List the prime factors of 1082.
2, 541
What are the prime factors of 169352?
2, 21169
List the prime factors of 1308.
2, 3, 109
What are the prime factors of 10037?
10037
List the prime factors of 16667.
7, 2381
What are the prime factors of 53?
53
What are the prime factors of 3832?
2, 479
What are the prime factors of 6415?
5, 1283
What are the prime factors of 9807?
3, 7, 467
What are the prime factors of 14857?
83, 179
What are the prime factors of 67702?
2, 33851
List the prime factors of 4477.
11, 37
List the prime factors of 31567.
31567
What are the prime factors of 3248?
2, 7, 29
What are the prime factors of 71899?
71899
What are the prime factors of 28076?
2, 7019
List the prime factors of 45103.
23, 37, 53
What are the prime factors of 3415?
5, 683
What are the prime factors of 16528?
2, 1033
What are the prime factors of 59394?
2, 3, 19, 521
List the prime factors of 526.
2, 263
What are the prime factors of 1140?
2, 3, 5, 19
List the prime factors of 1614.
2, 3, 269
List the prime factors of 1613.
1613
List the prime factors of 82846.
2, 23, 1801
List the prime factors of 2857.
2857
List the prime factors of 1391.
13, 107
What are the prime factors of 48954?
2, 3, 41, 199
List the prime factors of 654.
2, 3, 109
What are the prime factors of 63827?
83, 769
What are the prime factors of 11003?
11003
List the prime factors of 11969.
11969
List the prime factors of 2626.
2, 13, 101
List the prime factors of 891.
3, 11
List the prime factors of 7720.
2, 5, 193
List the prime factors of 3280.
2, 5, 41
List the prime factors of 17070.
2, 3, 5, 569
What are the prime factors of 102?
2, 3, 17
List the prime factors of 20899.
20899
List the prime factors of 12574.
2, 6287
What are the prime factors of 6139?
7, 877
List the prime factors of 1133.
11, 103
List the prime factors of 971.
971
What are the prime factors of 38865?
3, 5, 2591
What are the prime factors of 4407?
3, 13, 113
List the prime factors of 2044.
2, 7, 73
What are the prime factors of 68855?
5, 47, 293
List the prime factors of 9480.
2, 3, 5, 79
What are the prime facto